its digit of 358430?
0
What is the hundreds digit of 13862057?
0
What is the ten millions digit of 20873807?
2
What is the ten thousands digit of 498303?
9
What is the thousands digit of 16110574?
0
What is the ten thousands digit of 534849?
3
What is the hundreds digit of 1615525?
5
What is the units digit of 126342?
2
What is the hundreds digit of 741888?
8
What is the millions digit of 6276827?
6
What is the hundreds digit of 93193?
1
What is the thousands digit of 1184007?
4
What is the hundred thousands digit of 398145?
3
What is the millions digit of 2053062?
2
What is the tens digit of 4471324?
2
What is the hundred thousands digit of 866007?
8
What is the thousands digit of 975700?
5
What is the hundreds digit of 96063?
0
What is the tens digit of 177891?
9
What is the thousands digit of 4700384?
0
What is the thousands digit of 2756889?
6
What is the hundreds digit of 550649?
6
What is the ten thousands digit of 1322012?
2
What is the hundreds digit of 630223?
2
What is the millions digit of 9303282?
9
What is the hundred thousands digit of 4785672?
7
What is the millions digit of 25518663?
5
What is the millions digit of 1550028?
1
What is the hundred thousands digit of 5231003?
2
What is the millions digit of 1760090?
1
What is the units digit of 2364585?
5
What is the units digit of 139039?
9
What is the thousands digit of 1924881?
4
What is the tens digit of 2274801?
0
What is the ten thousands digit of 682457?
8
What is the ten thousands digit of 7451882?
5
What is the tens digit of 5935870?
7
What is the hundreds digit of 1881776?
7
What is the hundreds digit of 111393?
3
What is the hundred thousands digit of 274237?
2
What is the hundreds digit of 345531?
5
What is the hundreds digit of 802726?
7
What is the thousands digit of 143685?
3
What is the ten thousands digit of 688977?
8
What is the units digit of 68233?
3
What is the millions digit of 3775314?
3
What is the units digit of 443828?
8
What is the ten thousands digit of 106977?
0
What is the tens digit of 521379?
7
What is the hundreds digit of 2092049?
0
What is the ten thousands digit of 342419?
4
What is the ten thousands digit of 397595?
9
What is the units digit of 24938242?
2
What is the tens digit of 239908?
0
What is the thousands digit of 42701?
2
What is the hundreds digit of 5116562?
5
What is the ten thousands digit of 14060541?
6
What is the thousands digit of 2341847?
1
What is the ten thousands digit of 73988?
7
What is the thousands digit of 33923681?
3
What is the ten thousands digit of 1109695?
0
What is the units digit of 615979?
9
What is the thousands digit of 27005744?
5
What is the hundred thousands digit of 1366873?
3
What is the thousands digit of 729745?
9
What is the thousands digit of 1356335?
6
What is the hundreds digit of 319078?
0
What is the ten thousands digit of 6726653?
2
What is the millions digit of 27599924?
7
What is the tens digit of 300527?
2
What is the units digit of 18663?
3
What is the tens digit of 36169?
6
What is the millions digit of 22725204?
2
What is the thousands digit of 1352308?
2
What is the hundreds digit of 1100231?
2
What is the tens digit of 3132905?
0
What is the tens digit of 1220710?
1
What is the units digit of 258152?
2
What is the thousands digit of 735870?
5
What is the thousands digit of 3124900?
4
What is the millions digit of 12734474?
2
What is the ten thousands digit of 2547447?
4
What is the units digit of 465663?
3
What is the hundreds digit of 513708?
7
What is the tens digit of 564535?
3
What is the hundred thousands digit of 161036?
1
What is the tens digit of 2440478?
7
What is the units digit of 6285217?
7
What is the ten thousands digit of 1016703?
1
What is the millions digit of 3400791?
3
What is the tens digit of 8522913?
1
What is the ten thousands digit of 1017657?
1
What is the millions digit of 21039595?
1
What is the units digit of 8878117?
7
What is the units digit of 232328?
8
What is the hundreds digit of 1376070?
0
What is the ten thousands digit of 5612622?
1
What is the units digit of 1632208?
8
What is the thousands digit of 1148531?
8
What is the ten thousands digit of 323964?
2
What is the tens digit of 230862?
6
What is the thousands digit of 343533?
3
What is the ten thousands digit of 3096857?
9
What is the hundreds digit of 201384?
3
What is the thousands digit of 6211057?
1
What is the thousands digit of 328782?
8
What is the thousands digit of 143499?
3
What is the units digit of 260944?
4
What is the hundred thousands digit of 140113?
1
What is the hundreds digit of 427440?
4
What is the units digit of 174787?
7
What is the ten millions digit of 43436990?
4
What is the millions digit of 2640526?
2
What is the hundred thousands digit of 8175802?
1
What is the ten thousands digit of 66120?
6
What is the units digit of 27115180?
0
What is the tens digit of 6138089?
8
What is the tens digit of 438931?
3
What is the hundred thousands digit of 3078206?
0
What is the millions digit of 17670617?
7
What is the ten thousands digit of 261994?
6
What is the units digit of 233719?
9
What is the thousands digit of 1406115?
6
What is the hundred thousands digit of 153208?
1
What is the ten thousands digit of 16424771?
2
What is the hundreds digit of 18151?
1
What is the tens digit of 472301?
0
What is the tens digit of 209711?
1
What is the hundreds digit of 18962?
9
What is the tens digit of 5633496?
9
What is the units digit of 5872665?
5
What is the hundreds digit of 7853409?
4
What is the thousands digit of 1353530?
3
What is the hundreds digit of 826697?
6
What is the ten thousands digit of 2131587?
3
What is the units digit of 5370101?
1
What is the tens digit of 1528305?
0
What is the hundred thousands digit of 292750?
2
What is the units digit of 227113?
3
What is the thousands digit of 2470284?
0
What is the thousands digit of 3150452?
0
What is the hundred thousands digit of 218685?
2
What is the tens digit of 936200?
0
What is the hundreds digit of 767613?
6
What is the tens digit of 3000181?
8
What is the hundred thousands digit of 2671466?
6
What is the hundreds digit of 305485?
4
What is the units digit of 36091?
1
What is the units digit of 379401?
1
What is the tens digit of 11801184?
8
What is the millions digit of 10272091?
0
What is the ten thousands digit of 814987?
1
What is the hundreds digit of 198596?
5
What is the hundred thousands digit of 15602962?
6
What is the hundred thousands digit of 6221409?
2
What is the hundreds digit of 2414979?
9
What is the units digit of 769318?
8
What is the tens digit of 145494?
9
What is the hundred thousands digit of 3615368?
6
What is the units digit of 5741050?
0
What is the tens digit of 1409109?
0
What is the tens digit of 14142101?
0
What is the ten millions digit of 16773139?
1
What is the ten thousands digit of 6739733?
3
What is the hundred thousands digit of 6611276?
6
What is the thousands digit of 305118?
5
What is the hundreds digit of 158686?
6
What is the thousands digit of 28243931?
3
What is the tens digit of 2253867?
6
What is the units digit of 4433537?
7
What is the units digit of 146834?
4
What is the units digit of 2488558?
8
What is the thousands digit of 750863?
0
What is the ten thousands digit of 1219380?
1
What is the hundred thousands digit of 1743910?
7
What is the ten thousands digit of 105014?
0
What is the tens digit of 110119?
1
What is the hundred thousands digit of 1023620?
0
What is the units digit of 1975379?
9
What is the hundreds digit of 6820064?
0
What is the tens digit of 1932238?
3
What is the hundreds digit of 210650?
6
What is the hundreds digit of 21956?
9
What is the hundred thousands digit of 173060?
1
What is the ten thousands digit of 1259972?
5
What is the tens digit of 12765528?
2
What is the units digit of 74502?
2
What is the tens digit of 1563429?
2
What is the ten thousands digit of 2066635?
6
What is the ten thousands digit of 15377?
1
What is the units digit of 2204372?
2
What is the millions digit of 1382851?
1
What is the hundred thousands digit of 1671418?
6
What is the hundred thousands digit of 145665?
1
What is the thousands digit of 4604861?
4
What is the hundred thousands digit of 1560051?
5
What is the millions digit of 7630929?
7
What is the tens digit